{"id":697,"date":"2024-09-18T07:52:45","date_gmt":"2024-09-18T05:52:45","guid":{"rendered":"http:\/\/stowarzyszeniesedziszowa.bobowa.pl\/?page_id=697"},"modified":"2025-07-15T15:12:57","modified_gmt":"2025-07-15T13:12:57","slug":"o-stowarzyszeniu","status":"publish","type":"page","link":"http:\/\/stowarzyszeniesedziszowa.bobowa.pl\/index.php\/o-stowarzyszeniu\/","title":{"rendered":"O Stowarzyszeniu"},"content":{"rendered":"\n<p><strong>Cele dzia\u0142ania Stowarzyszenia Przyjaci\u00f3\u0142 Wsi S\u0119dziszowa i Okolic<\/strong><\/p>\n\n\n\n<ol class=\"wp-block-list\">\n<li>Integracja mieszka\u0144c\u00f3w S\u0119dziszowej i okolic, przyczynianie si\u0119 do podniesienia \u015bwiadomo\u015bci historycznej, kulturowej i ekologicznej spo\u0142eczno\u015bci lokalnej, tworzenie warunk\u00f3w do rozwoju spo\u0142ecznego, gospodarczego i kulturalnego a tak\u017ce wspomaganie organizacyjno-rzeczowe wszelkich dzia\u0142a\u0144 zmierzaj\u0105cych do rozwoju S\u0119dziszowej i okolic, w szczeg\u00f3lno\u015bci przez propagowanie walor\u00f3w krajobrazowych, turystycznych, wypoczynkowych oraz historyczno-kulturowych<\/li>\n\n\n\n<li>Udzia\u0142 w pozyskiwaniu \u015brodk\u00f3w maj\u0105cych na celu wprowadzanie alternatywnych \u017ar\u00f3de\u0142 energii-kolektor\u00f3w s\u0142onecznych, baterii s\u0142onecznych, pomp ciep\u0142a, wiatrak\u00f3w itp. oraz budow\u0119 przydomowych oczyszczalni \u015bciek\u00f3w w gminie bobowa<\/li>\n\n\n\n<li>Prowadzenie i \u015bwietlic i plac\u00f3wek o\u015bwiatowo-wychowawczych \u2013 szko\u0142a podstawowa i przedszkole. Wspieranie ich dzia\u0142alno\u015bci dydaktyczno-wychowawczej i opieku\u0144czej;<\/li>\n\n\n\n<li>Ochrona pami\u0105tek historycznych, kulturowych i innych zabytk\u00f3w, kultywowanie tradycji i dziedzictwa kulturowego;<\/li>\n\n\n\n<li>Upowszechnianie kultury fizycznej i sportu spo\u0142ecze\u0144stwa, szczeg\u00f3lnie dzieci i m\u0142odzie\u017cy, promocja zdrowego trybu \u017cycia;<\/li>\n\n\n\n<li>Szeroko poj\u0119ta dzia\u0142alno\u015b\u0107 charytatywna;<\/li>\n\n\n\n<li>Organizacja wsp\u00f3\u0142pracy zagranicznej;<\/li>\n\n\n\n<li>Pozyskiwanie funduszy ze \u015brodk\u00f3w unijnych i innych na rzecz rozwoju wsi i okolic;<\/li>\n\n\n\n<li>Wsp\u00f3\u0142praca z organizacjami i instytucjami wsi i regionu;<\/li>\n\n\n\n<li>Podejmowanie w ramach obowi\u0105zuj\u0105cych przepis\u00f3w innych przedsi\u0119wzi\u0119\u0107 zwi\u0105zanych z realizacj\u0105 cel\u00f3w stowarzyszenia.<\/li>\n<\/ol>\n\n\n\n<hr class=\"wp-block-separator has-alpha-channel-opacity\"\/>\n\n\n\n<p><strong>Zarz\u0105d Stowarzyszenia Przyjaci\u00f3\u0142 Wsi S\u0119dziszowa i Okolic<\/strong><\/p>\n\n\n\n<ul class=\"wp-block-list\">\n<li>Anna Wiejaczka \u2013 Prezes<\/li>\n\n\n\n<li>Pawe\u0142 Szura &#8211; Wiceprezes<\/li>\n\n\n\n<li>Andrzelika Bana\u015b &#8211; Skarbnik<\/li>\n<\/ul>\n\n\n\n<p><strong>Komisja Rewizyjna<\/strong> <strong>Stowarzyszenia Przyjaci\u00f3\u0142 Wsi S\u0119dziszowa i Okolic<\/strong><\/p>\n\n\n\n<ul class=\"wp-block-list\">\n<li>Bogus\u0142awa Zieli\u0144ska &#8211; Przewodnicz\u0105ca<\/li>\n\n\n\n<li>Jadwiga Szczerba &#8211; Cz\u0142onek<\/li>\n\n\n\n<li>Wojciech Warzycki &#8211; Cz\u0142onek<\/li>\n<\/ul>\n\n\n<a href=\"http:\/\/stowarzyszeniesedziszowa.bobowa.pl\/wp-content\/uploads\/2023\/06\/Statut-Stowarzyszenia-Przyjaciol-Wsi-Sedziszowa-i-Okolic.pdf\" class=\"pdfemb-viewer\" style=\"\" data-width=\"max\" data-height=\"max\" data-toolbar=\"bottom\" data-toolbar-fixed=\"off\">Statut-Stowarzyszenia-Przyjaciol-Wsi-Sedziszowa-i-Okolic<\/a>\n\n\n<p><\/p>\n\n\n\n<p><\/p>\n","protected":false},"excerpt":{"rendered":"<p>Cele dzia\u0142ania Stowarzyszenia Przyjaci\u00f3\u0142 Wsi S\u0119dziszowa i Okolic Zarz\u0105d Stowarzyszenia Przyjaci\u00f3\u0142 Wsi S\u0119dziszowa i Okolic Komisja Rewizyjna Stowarzyszenia Przyjaci\u00f3\u0142 Wsi S\u0119dziszowa i Okolic<\/p>\n","protected":false},"author":1,"featured_media":0,"parent":0,"menu_order":0,"comment_status":"closed","ping_status":"closed","template":"","meta":{"footnotes":""},"class_list":["post-697","page","type-page","status-publish","hentry"],"_links":{"self":[{"href":"http:\/\/stowarzyszeniesedziszowa.bobowa.pl\/index.php\/wp-json\/wp\/v2\/pages\/697","targetHints":{"allow":["GET"]}}],"collection":[{"href":"http:\/\/stowarzyszeniesedziszowa.bobowa.pl\/index.php\/wp-json\/wp\/v2\/pages"}],"about":[{"href":"http:\/\/stowarzyszeniesedziszowa.bobowa.pl\/index.php\/wp-json\/wp\/v2\/types\/page"}],"author":[{"embeddable":true,"href":"http:\/\/stowarzyszeniesedziszowa.bobowa.pl\/index.php\/wp-json\/wp\/v2\/users\/1"}],"replies":[{"embeddable":true,"href":"http:\/\/stowarzyszeniesedziszowa.bobowa.pl\/index.php\/wp-json\/wp\/v2\/comments?post=697"}],"version-history":[{"count":7,"href":"http:\/\/stowarzyszeniesedziszowa.bobowa.pl\/index.php\/wp-json\/wp\/v2\/pages\/697\/revisions"}],"predecessor-version":[{"id":884,"href":"http:\/\/stowarzyszeniesedziszowa.bobowa.pl\/index.php\/wp-json\/wp\/v2\/pages\/697\/revisions\/884"}],"wp:attachment":[{"href":"http:\/\/stowarzyszeniesedziszowa.bobowa.pl\/index.php\/wp-json\/wp\/v2\/media?parent=697"}],"curies":[{"name":"wp","href":"https:\/\/api.w.org\/{rel}","templated":true}]}}