{"id":8,"date":"2020-10-14T12:03:22","date_gmt":"2020-10-14T10:03:22","guid":{"rendered":"http:\/\/stowarzyszeniesedziszowa.bobowa.pl\/?page_id=8"},"modified":"2025-12-30T08:07:09","modified_gmt":"2025-12-30T07:07:09","slug":"kontakt","status":"publish","type":"page","link":"http:\/\/stowarzyszeniesedziszowa.bobowa.pl\/index.php\/kontakt\/","title":{"rendered":"Kontakt"},"content":{"rendered":"\n<p><strong>Stowarzyszenie Przyjaci\u00f3\u0142 Wsi S\u0119dziszowa i Okolic<\/strong><\/p>\n\n\n\n<p>S\u0119dziszowa 136<br>38-324 Siedliska<\/p>\n\n\n\n<p>Gmina Bobowa, Powiat Gorlicki<\/p>\n\n\n\n<p>tel.  +48&nbsp;798&nbsp;374&nbsp;599<br>email:  anna.wiejaczka@gmail.com<\/p>\n\n\n<div class=\"wp-block-image\">\n<figure class=\"aligncenter size-full is-resized\"><a href=\"http:\/\/stowarzyszeniesedziszowa.bobowa.pl\/wp-content\/uploads\/2023\/06\/LOGO-STOWARZYSZENIE-SEDZISZOWA.png\"><img loading=\"lazy\" decoding=\"async\" width=\"800\" height=\"879\" src=\"http:\/\/stowarzyszeniesedziszowa.bobowa.pl\/wp-content\/uploads\/2023\/06\/LOGO-STOWARZYSZENIE-SEDZISZOWA.png\" alt=\"\" class=\"wp-image-507\" style=\"width:309px;height:339px\" srcset=\"http:\/\/stowarzyszeniesedziszowa.bobowa.pl\/wp-content\/uploads\/2023\/06\/LOGO-STOWARZYSZENIE-SEDZISZOWA.png 800w, http:\/\/stowarzyszeniesedziszowa.bobowa.pl\/wp-content\/uploads\/2023\/06\/LOGO-STOWARZYSZENIE-SEDZISZOWA-273x300.png 273w, http:\/\/stowarzyszeniesedziszowa.bobowa.pl\/wp-content\/uploads\/2023\/06\/LOGO-STOWARZYSZENIE-SEDZISZOWA-768x844.png 768w\" sizes=\"auto, (max-width: 800px) 100vw, 800px\" \/><\/a><\/figure>\n<\/div>\n\n\n<p><\/p>\n","protected":false},"excerpt":{"rendered":"<p>Stowarzyszenie Przyjaci\u00f3\u0142 Wsi S\u0119dziszowa i Okolic S\u0119dziszowa 13638-324 Siedliska Gmina Bobowa, Powiat Gorlicki tel. +48&nbsp;798&nbsp;374&nbsp;599email: anna.wiejaczka@gmail.com<\/p>\n","protected":false},"author":1,"featured_media":0,"parent":0,"menu_order":0,"comment_status":"closed","ping_status":"closed","template":"","meta":{"footnotes":""},"class_list":["post-8","page","type-page","status-publish","hentry"],"_links":{"self":[{"href":"http:\/\/stowarzyszeniesedziszowa.bobowa.pl\/index.php\/wp-json\/wp\/v2\/pages\/8","targetHints":{"allow":["GET"]}}],"collection":[{"href":"http:\/\/stowarzyszeniesedziszowa.bobowa.pl\/index.php\/wp-json\/wp\/v2\/pages"}],"about":[{"href":"http:\/\/stowarzyszeniesedziszowa.bobowa.pl\/index.php\/wp-json\/wp\/v2\/types\/page"}],"author":[{"embeddable":true,"href":"http:\/\/stowarzyszeniesedziszowa.bobowa.pl\/index.php\/wp-json\/wp\/v2\/users\/1"}],"replies":[{"embeddable":true,"href":"http:\/\/stowarzyszeniesedziszowa.bobowa.pl\/index.php\/wp-json\/wp\/v2\/comments?post=8"}],"version-history":[{"count":6,"href":"http:\/\/stowarzyszeniesedziszowa.bobowa.pl\/index.php\/wp-json\/wp\/v2\/pages\/8\/revisions"}],"predecessor-version":[{"id":977,"href":"http:\/\/stowarzyszeniesedziszowa.bobowa.pl\/index.php\/wp-json\/wp\/v2\/pages\/8\/revisions\/977"}],"wp:attachment":[{"href":"http:\/\/stowarzyszeniesedziszowa.bobowa.pl\/index.php\/wp-json\/wp\/v2\/media?parent=8"}],"curies":[{"name":"wp","href":"https:\/\/api.w.org\/{rel}","templated":true}]}}